s digit of a(s)?
2
Suppose -2088922 + 797024 = -197*a + 1816368. What is the units digit of a?
8
Suppose -a + 27*s - 31*s + 15545 = 0, 0 = -3*a - 5*s + 46670. What is the hundreds digit of a?
5
Let j(p) = 22*p - 12. Let s be j(4). What is the units digit of 11590/s*(-4)/(-5)?
2
Suppose 160 = 10*w - 12*w. Let o = -137 - w. Let p = o + 214. What is the tens digit of p?
5
Let g = 415 + -413. Suppose 455 + 69 = 4*u + g*t, 2*u + 4*t = 250. What is the tens digit of u?
3
Let z(w) = 2*w**3 + 31*w**2 + 12*w - 43. Let i be z(-15). Suppose -11*p + 10*p = i*v - 752, -2*v + 2244 = 3*p. What is the units digit of p?
6
Suppose -52*j + 35*j = -34*j + 46121. What is the units digit of j?
3
Suppose -7*u = -6*u - 28. Suppose -m - 3*m = 4*i + 44, -2*i - 4*m - u = 0. Let f(c) = -2*c**3 - 15*c**2 - 10*c + 10. What is the units digit of f(i)?
4
Let o(g) be the first derivative of -2*g**4 - 5*g**3/3 - 3*g**2/2 + 2. Suppose 80*w - 77*w = -9. What is the tens digit of o(w)?
8
Let p(o) = 5093*o**2 + 235*o + 725. What is the hundreds digit of p(-3)?
8
Let f(g) = 22*g**2 - 14*g + 47. Let o be (3/2 - -1)/((-60)/(-144)). What is the hundreds digit of f(o)?
7
Let p(q) = -10*q**3 + 8*q**2 + q - 7. Let g(u) = u**3 + u**2 + u - 1. Let b(z) = -6*g(z) + p(z). What is the units digit of b(-3)?
4
Suppose -3*g - 5*h = -13964, -h = -5*g - 1789 + 25109. What is the thousands digit of g?
4
Suppose 2*w + w = 132. Suppose -5*o + i = -3*o - 221, 3*i + 3 = 0. What is the units digit of w/o + 1066/10*1?
7
Suppose 3510 = j - 5*h, 0 = 2*j - 5*h + 3*h - 7044. What is the hundreds digit of j?
5
Let a = -7113 - -11271. Suppose -112*q = -106*q - a. What is the units digit of q?
3
Let d(r) be the first derivative of 5*r**2 + 29*r + 1. Suppose 0 = -2*t - 5*a + 27, -t - 13 + 4 = -5*a. What is the tens digit of d(t)?
8
Suppose 12*k - 5948 = 9*k - 4*w, 4*w = -k + 1996. What is the units digit of k?
6
Suppose 2*j = 3*q + 104, -10 = 9*j - 4*j. What is the units digit of 274 + (-3 - q/6)?
7
Suppose -d - 12*d + 1482 = 0. Suppose -32*b + 29*b + d = 0. What is the tens digit of b?
3
Suppose 6*d + 5*c = 10*d - 3305, 3*c + 4128 = 5*d. Suppose -v - 4*v = -d. What is the tens digit of v?
6
Suppose -129*k - 117*k = -7*k - 2330250. What is the tens digit of k?
5
Let d = -3064 - -3905. What is the units digit of d?
1
Let k be ((-24)/10)/(12/(-80)). Suppose -k*n + 18*n - 12 = 0. What is the tens digit of ((-452)/n)/(-1 + (-1)/(-3))?
1
Let x(u) = 2*u**3 + 21*u**2 - 1612*u - 99. What is the units digit of x(31)?
2
Let f(b) = -b - 7 - 11*b + 9*b - b**3 - b**2. Let k(h) = -h**3 + 6*h**2 + 14*h + 11. Let w be k(8). What is the units digit of f(w)?
8
Let h(b) = -3*b**2 - 38*b + 25. Let y be h(-16). Let w = -135 - y. Suppose -4*v + 0*v + 2*c + 690 = 0, w = -3*c - 3. What is the hundreds digit of v?
1
Let a = 1560 - 347. Let t = -595 + a. What is the units digit of t?
8
Let c = -72 + -172. Let v = c + 421. What is the tens digit of v?
7
Let o = -787 - -2169. Let r = o + -829. What is the tens digit of r?
5
Let c(o) = 167*o - 32. Let b be c(-6). Let r be -1*6/(-9) + b/(-6). Suppose 322 + r = 9*n. What is the units digit of n?
5
Suppose -542016 = 71*f - 215*f. What is the units digit of f?
4
Let d(y) = -8*y**3 - 3*y**2 + 2. Let v be d(-1). Suppose v = 5*f - 18. Let h(x) = 17*x + 2. What is the units digit of h(f)?
7
Suppose 0 = -5*d + p + 333, 5*d - 4*d + 5*p = 77. Suppose -d*i + 9 = -64*i. Suppose 0 = i*j + 15, 3*j = 2*u + 6*j - 311. What is the tens digit of u?
6
Let i = 1397 - 658. Suppose 0 = -3*d - i + 3991. What is the units digit of d?
4
Let u = -135 + 135. Suppose 0 = 3*i + 4*q - 1459, u*i = -5*i + 3*q + 2480. What is the hundreds digit of i?
4
Let j(s) = -2*s**3 - 39*s**2 - 112*s + 81. What is the ten thousands digit of j(-38)?
5
Let u(j) = -5*j**3 - 12*j**2 - 2*j + 19. Let t be u(-5). Suppose -1770 = -19*k + 14*k + 4*b, k - t = b. Let d = 605 - k. What is the units digit of d?
1
Let q = -40181 + 59907. What is the units digit of q?
6
Let b = 4 - -11. Let r be (2 - 2)*(b/(-3))/(-5). What is the hundreds digit of 0 - (r - -1) - -144?
1
Let j(r) = r**3 + 18*r**2 + 17*r + 18. Let h be j(-17). Suppose -111 = h*v - 21*v. What is the units digit of v?
7
Let p = -1889 - -1044. Let l = -282 - p. What is the units digit of l?
3
Let u(m) = 86*m**2 - 46*m - 236. What is the units digit of u(-9)?
4
Suppose -2*p + 1123 = 5*b, -3*p + 5*b + 1674 = 2*b. Let c = p - 282. What is the hundreds digit of c?
2
Let k be 966/(-7)*(-8 + 0). Suppose 4*f - f - k = 0. What is the tens digit of f?
6
Let k(m) = 90*m**3 + m**2 + 11*m. Let v(p) = -91*p**3 - p**2 - 13*p. Let a(z) = 6*k(z) + 5*v(z). What is the tens digit of a(2)?
8
Suppose -27*l = -4577 - 4738. Suppose 3*o = -r + l, r - 8 + 127 = o. What is the hundreds digit of o?
1
Suppose 5*g + 0*x = 2*x - 22, 0 = -4*g - 2*x - 14. Let k be 1*((-606)/(-54) + g/18). Suppose 2*z + 390 = 5*o, -4*o = -z - k - 301. What is the tens digit of o?
7
Let n be 3/18 + 863/6. Let q be (24/20 - 3 - -1)*25. Let l = n - q. What is the tens digit of l?
6
Suppose 0 = 16*x - 7364 - 6876. What is the units digit of -1*x*(-46)/115?
6
Let n be 1 + 1 + (-56 - 2). Let d = 53 + n. Let o = d - -67. What is the tens digit of o?
6
Suppose 827*i - 178695 = 732*i. What is the units digit of i?
1
Suppose 100*j - j = -24*j + 8753664. What is the ten thousands digit of j?
7
Let g be (-4)/2 + -47 - -1. Suppose -18*w - 78*w = -23616. Let r = g + w. What is the hundreds digit of r?
1
Let w(l) = 6*l**2 - 4*l - 4. Let q be w(-2). Suppose -q*k = -31*k + 21. Suppose -19 + 418 = k*j. What is the units digit of j?
7
Let b(h) = 623*h + 7477. What is the thousands digit of b(36)?
9
Let y be 2668/(-28) + 8/28. Let v = -92 - y. Suppose 0 = -v*d - 7*d + 420. What is the units digit of d?
2
Let c = 15637 + 7100. What is the units digit of c?
7
Let p(m) = 1863*m - 516. What is the hundreds digit of p(24)?
1
Suppose 2*o = 3*a + 88, -5*o + 85 = -2*a - a. What is the hundreds digit of (-5854)/a + 12/(-90)?
1
Let f(k) = k**3 + 6*k**2 - 18*k + 14. Suppose -15*q + 10*q + 75 = 0. Let l = q + -23. What is the units digit of f(l)?
0
Let f = -210 - -212. Suppose -f*w - 291 = -5*w. What is the tens digit of w?
9
What is the units digit of (-3546)/(-22) + (-436)/2398?
1
Let g(s) = -1353*s - 1167. What is the hundreds digit of g(-4)?
2
Let f(q) be the second derivative of -3*q**3/2 + 26*q**2 + 62*q + 1. Let w(b) = -b**2 + 3*b + 4. Let c be w(5). What is the units digit of f(c)?
6
Let q be (-28)/2*(-5 - 4/(-1)). Let a be (-349)/(q/77 - (-26)/(-22)). Let r = a - 227. What is the hundreds digit of r?
1
Let v(c) = c**2 + 3*c + 13. Let t be v(0). Suppose 266 + 10745 = t*l. What is the hundreds digit of l?
8
Suppose 44 = 4*q + 3*d, 5*q - 4*d + 22 = 7*q. Suppose 465 = 2*y - 5*u, q*y - 5*u = 14*y - 635. What is the units digit of y?
0
Let i = 1827 + 2338. Suppose -r - 3 = -5, -5*b - 5*r = -i. What is the hundreds digit of b?
8
Suppose -4*m - 4*u + 83780 = 0, 0 = m + 19*u - 16*u - 20937. What is the hundreds digit of m?
9
Let y(m) = -31*m**2 + 9*m. Let r be y(-2). Let w = 620 + r. Suppose 10 = -5*n, 3*d - 2*n = -0*d + w. What is the hundreds digit of d?
1
Let d(a) be the first derivative of a**3 + 17*a**2/2 + 20*a - 1. Suppose -x - 3*x + q = 43, -4*q = -12. What is the units digit of d(x)?
0
Let o = -893 + 3273. Suppose -o = -12*j + 1784. What is the hundreds digit of j?
3
Let g = -59585 + 108906. What is the ten thousands digit of g?
4
Let y(s) = 2*s**2 - 4*s - 38. Let x(c) = -12*c + 13. Let d be x(2). Let w be y(d). Suppose -t = 7*t - w. What is the tens digit of t?
3
Suppose 5*a - 19 = -359. Let p = a + 68. What is the tens digit of (6/(-15) - p)*10 + 101?
9
Suppose -29*r + 33*r - 3353 = -q, 3*q - 10045 = 2*r. What is the units digit of q?
9
Let x(z) = 909*z + 6898. What is the units digit of x(14)?
4
Suppose 16*o - 18494 = 9*o. What is the tens digit of o?
4
Let d be (-6)/(-4)*(-12)/18. Let f be 1 - (-3 + d - (-4 - 0)). What is the tens digit of (7 + -3)/f + 105?
0
Suppose -4*u = 5*m + 6, m = u + 7 - 1. Suppose -23 = m*b - x, -b + 0*b + 5*x = 25. Let j = b + 35. What is the tens digit of j?
2
Let n = -9627 - -28630. What is the tens digit of n?
0
Let x = -29307 - -40277. What is the units digit of x?
0
Suppose 5*h + 5*k - 27 = 3*h, 0 = h - k - 3. Suppose -